{"id":707,"date":"2025-09-29T22:33:25","date_gmt":"2025-09-29T20:33:25","guid":{"rendered":"https:\/\/lunvero.eu\/?post_type=product&#038;p=707"},"modified":"2025-09-29T22:39:00","modified_gmt":"2025-09-29T20:39:00","slug":"biokominek-wolnostojacy-czarny-prostokat","status":"publish","type":"product","link":"https:\/\/lunvero.eu\/index.php\/produkt\/biokominek-wolnostojacy-czarny-prostokat\/","title":{"rendered":"Biokominek wolnostoj\u0105cy czarny prostok\u0105t"},"content":{"rendered":"<p><strong data-start=\"143\" data-end=\"174\">Elegancki ogie\u0144 bez komina.<\/strong>\u00a0Przeno\u015bny biokominek, kt\u00f3ry natychmiast dodaje klasy, ciep\u0142a i nastroju tarasowi, salonowi lub ogrodowi. Dzia\u0142a na\u00a0<strong data-start=\"290\" data-end=\"303\">bioetanol<\/strong>\u00a0\u2013 spala si\u0119 czysto,\u00a0<strong data-start=\"324\" data-end=\"355\">bez dymu, popio\u0142u i zapachu<\/strong>, wi\u0119c \u015bwietnie sprawdza si\u0119 tak\u017ce w zamkni\u0119tych pomieszczeniach.<\/p>\n<ul data-start=\"450\" data-end=\"1222\">\n<li data-start=\"450\" data-end=\"584\">\n<p data-start=\"452\" data-end=\"584\"><strong data-start=\"452\" data-end=\"471\">Zero instalacji<\/strong>\u00a0\u2013 stawiasz, zalewasz biopaliwem i odpalasz. Bez komina, kabli i serwisu.<\/p>\n<\/li>\n<li data-start=\"585\" data-end=\"761\">\n<p data-start=\"587\" data-end=\"761\"><strong data-start=\"587\" data-end=\"608\">Premium materia\u0142y<\/strong>\u00a0\u2013 korpus z metalu i\u00a0<strong data-start=\"629\" data-end=\"666\">palnik ze stali nierdzewnej SS304<\/strong>\u00a0+ os\u0142ony szklane dla stabilnego, spokojnego p\u0142omienia.<\/p>\n<\/li>\n<li data-start=\"762\" data-end=\"921\">\n<p data-start=\"764\" data-end=\"921\"><strong data-start=\"764\" data-end=\"787\">Realny czas palenia<\/strong>\u00a0\u2013 na jednym nape\u0142nieniu p\u0142onie ok.\u00a0<strong data-start=\"823\" data-end=\"836\">70 min<\/strong>\u00a0(w zale\u017cno\u015bci od warunk\u00f3w i rodzaju paliwa).<\/p>\n<\/li>\n<li data-start=\"922\" data-end=\"1056\">\n<p data-start=\"924\" data-end=\"1056\"><strong data-start=\"924\" data-end=\"944\">Indoor &amp; outdoor<\/strong>\u00a0\u2013 zaprojektowany do wn\u0119trz i na zewn\u0105trz (taras, ogr\u00f3d, balkon, patio).<\/p>\n<\/li>\n<li data-start=\"1057\" data-end=\"1222\">\n<p data-start=\"1059\" data-end=\"1222\"><strong data-start=\"1059\" data-end=\"1077\">Mobilny format<\/strong>\u00a0\u2013 kompaktowy rozmiar, kt\u00f3ry pasuje na st\u00f3\u0142 kawowy czy konsol\u0119; przenosisz tam, gdzie chcesz mie\u0107 klimat.<\/p>\n<\/li>\n<\/ul>\n<blockquote data-start=\"1224\" data-end=\"1352\">\n<p data-start=\"1226\" data-end=\"1352\"><strong data-start=\"1226\" data-end=\"1236\">Efekt:<\/strong>\u00a0prawdziwy p\u0142omie\u0144 i ciep\u0142o, luksusowa atmosfera w kilka sekund \u2013 idealne do kolacji, relaksu i wieczornych spotka\u0144.<\/p>\n<p data-start=\"1226\" data-end=\"1352\"><img fetchpriority=\"high\" decoding=\"async\" class=\"size-medium wp-image-741 alignnone\" src=\"http:\/\/trendprime.pl\/wp-content\/uploads\/2025\/09\/main-image-5-300x300.webp\" sizes=\"(max-width: 300px) 100vw, 300px\" srcset=\"https:\/\/trendprime.pl\/wp-content\/uploads\/2025\/09\/main-image-5-300x300.webp 300w, https:\/\/trendprime.pl\/wp-content\/uploads\/2025\/09\/main-image-5-150x150.webp 150w, https:\/\/trendprime.pl\/wp-content\/uploads\/2025\/09\/main-image-5-768x768.webp 768w, https:\/\/trendprime.pl\/wp-content\/uploads\/2025\/09\/main-image-5-600x600.webp 600w, https:\/\/trendprime.pl\/wp-content\/uploads\/2025\/09\/main-image-5-100x100.webp 100w, https:\/\/trendprime.pl\/wp-content\/uploads\/2025\/09\/main-image-5.webp 800w\" alt=\"\" width=\"300\" height=\"300\" \/><\/p>\n<\/blockquote>\n<ul>\n<li data-start=\"1226\" data-end=\"1352\"><strong data-start=\"1907\" data-end=\"1927\">Wymiary korpusu:<\/strong>\u00a0<b>35 x 18 x 17 cm<\/b><\/li>\n<li data-start=\"1226\" data-end=\"1352\"><strong data-start=\"2095\" data-end=\"2119\">Waga brutto (opak.):<\/strong>\u00a0ok. 5 kg; karton 42 \u00d7 24 \u00d7 20 cm.<\/li>\n<li data-start=\"1226\" data-end=\"1352\"><strong data-start=\"1621\" data-end=\"1632\">Paliwo:<\/strong>\u00a0bioetanol (bio fuel) \u2013 spalanie bez dymu\/sadzy.<\/li>\n<li data-start=\"1226\" data-end=\"1352\"><\/li>\n<\/ul>\n<h2 data-start=\"2197\" data-end=\"2224\">Jak u\u017cywa\u0107 (w 3 krokach)<\/h2>\n<ol data-start=\"2225\" data-end=\"2464\">\n<li data-start=\"2225\" data-end=\"2281\">\n<p data-start=\"2228\" data-end=\"2281\">Ustaw na stabilnej, odpornej na ciep\u0142o powierzchni.<\/p>\n<\/li>\n<li data-start=\"2282\" data-end=\"2351\">\n<p data-start=\"2285\" data-end=\"2351\">Wlej rekomendowane\u00a0<strong data-start=\"2304\" data-end=\"2327\">bio-paliwo (etanol)<\/strong>\u00a0do palnika i zamknij.<\/p>\n<\/li>\n<li data-start=\"2352\" data-end=\"2464\">\n<p data-start=\"2355\" data-end=\"2464\">Podpal d\u0142ug\u0105 zapalniczk\u0105; zga\u015b przez odci\u0119cie dop\u0142ywu powietrza \u2013\u00a0<strong data-start=\"2421\" data-end=\"2463\">nie dolewaj paliwa do gor\u0105cego palnika<\/strong>.<\/p>\n<\/li>\n<\/ol>\n","protected":false},"excerpt":{"rendered":"<ul>\n<li data-start=\"1721\" data-end=\"1821\">\n<p data-start=\"1723\" data-end=\"1821\"><strong data-start=\"1723\" data-end=\"1740\">Czas palenia:<\/strong>\u00a0ok.\u00a0<strong>70\u00a0min<\/strong>\u00a0na jednym nape\u0142nieniu (250 ml)<\/p>\n<\/li>\n<li data-start=\"1822\" data-end=\"1904\">\n<p data-start=\"1824\" data-end=\"1904\"><strong data-start=\"1824\" data-end=\"1837\">Materia\u0142:<\/strong>\u00a0metal +\u00a0<strong data-start=\"1846\" data-end=\"1863\">stal nierdzewna + szk\u0142o<\/strong>.<\/p>\n<\/li>\n<\/ul>\n<ul>\n<li>Zam\u00f3w do 13:00, a wy\u015blemy jeszcze dzi\u015b!<\/li>\n<li>Dostawa do 48h<\/li>\n<\/ul>\n<hr \/>\n<p>Zosta\u0142o:\u00a017 szt. w magazynie<\/p>\n<p><em>128 os\u00f3b kupi\u0142o ten produkt<\/em><\/p>\n<p><img decoding=\"async\" class=\"wp-image-736 alignnone\" src=\"https:\/\/atlantino.pl\/wp-content\/uploads\/2025\/08\/1233-scaled.jpg\" alt=\"\" width=\"442\" height=\"40\" \/><\/p>\n<p><img decoding=\"async\" class=\"alignnone size-medium wp-image-185\" src=\"http:\/\/trendprime.pl\/wp-content\/uploads\/2025\/02\/insc-1-300x66.jpg\" alt=\"\" width=\"300\" height=\"66\" \/><\/p>\n","protected":false},"featured_media":713,"comment_status":"open","ping_status":"closed","template":"","meta":{"ocean_post_layout":"","ocean_both_sidebars_style":"","ocean_both_sidebars_content_width":0,"ocean_both_sidebars_sidebars_width":0,"ocean_sidebar":"0","ocean_second_sidebar":"0","ocean_disable_margins":"enable","ocean_add_body_class":"","ocean_shortcode_before_top_bar":"","ocean_shortcode_after_top_bar":"","ocean_shortcode_before_header":"","ocean_shortcode_after_header":"","ocean_has_shortcode":"","ocean_shortcode_after_title":"","ocean_shortcode_before_footer_widgets":"","ocean_shortcode_after_footer_widgets":"","ocean_shortcode_before_footer_bottom":"","ocean_shortcode_after_footer_bottom":"","ocean_display_top_bar":"default","ocean_display_header":"default","ocean_header_style":"","ocean_center_header_left_menu":"0","ocean_custom_header_template":"0","ocean_custom_logo":0,"ocean_custom_retina_logo":0,"ocean_custom_logo_max_width":0,"ocean_custom_logo_tablet_max_width":0,"ocean_custom_logo_mobile_max_width":0,"ocean_custom_logo_max_height":0,"ocean_custom_logo_tablet_max_height":0,"ocean_custom_logo_mobile_max_height":0,"ocean_header_custom_menu":"0","ocean_menu_typo_font_family":"0","ocean_menu_typo_font_subset":"","ocean_menu_typo_font_size":0,"ocean_menu_typo_font_size_tablet":0,"ocean_menu_typo_font_size_mobile":0,"ocean_menu_typo_font_size_unit":"px","ocean_menu_typo_font_weight":"","ocean_menu_typo_font_weight_tablet":"","ocean_menu_typo_font_weight_mobile":"","ocean_menu_typo_transform":"","ocean_menu_typo_transform_tablet":"","ocean_menu_typo_transform_mobile":"","ocean_menu_typo_line_height":0,"ocean_menu_typo_line_height_tablet":0,"ocean_menu_typo_line_height_mobile":0,"ocean_menu_typo_line_height_unit":"","ocean_menu_typo_spacing":0,"ocean_menu_typo_spacing_tablet":0,"ocean_menu_typo_spacing_mobile":0,"ocean_menu_typo_spacing_unit":"","ocean_menu_link_color":"","ocean_menu_link_color_hover":"","ocean_menu_link_color_active":"","ocean_menu_link_background":"","ocean_menu_link_hover_background":"","ocean_menu_link_active_background":"","ocean_menu_social_links_bg":"","ocean_menu_social_hover_links_bg":"","ocean_menu_social_links_color":"","ocean_menu_social_hover_links_color":"","ocean_disable_title":"default","ocean_disable_heading":"default","ocean_post_title":"","ocean_post_subheading":"","ocean_post_title_style":"","ocean_post_title_background_color":"","ocean_post_title_background":0,"ocean_post_title_bg_image_position":"","ocean_post_title_bg_image_attachment":"","ocean_post_title_bg_image_repeat":"","ocean_post_title_bg_image_size":"","ocean_post_title_height":0,"ocean_post_title_bg_overlay":0.5,"ocean_post_title_bg_overlay_color":"","ocean_disable_breadcrumbs":"default","ocean_breadcrumbs_color":"","ocean_breadcrumbs_separator_color":"","ocean_breadcrumbs_links_color":"","ocean_breadcrumbs_links_hover_color":"","ocean_display_footer_widgets":"default","ocean_display_footer_bottom":"default","ocean_custom_footer_template":"0"},"product_brand":[],"product_cat":[37],"product_tag":[],"class_list":{"0":"post-707","1":"product","2":"type-product","3":"status-publish","4":"has-post-thumbnail","6":"product_cat-biokominki","8":"entry","9":"has-media","11":"first","12":"instock","13":"sale","14":"shipping-taxable","15":"purchasable","16":"product-type-simple","17":"has-product-nav","18":"col","19":"span_1_of_3","20":"owp-content-center","21":"owp-thumbs-layout-horizontal","22":"owp-btn-normal","23":"owp-tabs-layout-horizontal"},"jetpack_sharing_enabled":true,"_links":{"self":[{"href":"https:\/\/lunvero.eu\/index.php\/wp-json\/wp\/v2\/product\/707","targetHints":{"allow":["GET"]}}],"collection":[{"href":"https:\/\/lunvero.eu\/index.php\/wp-json\/wp\/v2\/product"}],"about":[{"href":"https:\/\/lunvero.eu\/index.php\/wp-json\/wp\/v2\/types\/product"}],"replies":[{"embeddable":true,"href":"https:\/\/lunvero.eu\/index.php\/wp-json\/wp\/v2\/comments?post=707"}],"wp:featuredmedia":[{"embeddable":true,"href":"https:\/\/lunvero.eu\/index.php\/wp-json\/wp\/v2\/media\/713"}],"wp:attachment":[{"href":"https:\/\/lunvero.eu\/index.php\/wp-json\/wp\/v2\/media?parent=707"}],"wp:term":[{"taxonomy":"product_brand","embeddable":true,"href":"https:\/\/lunvero.eu\/index.php\/wp-json\/wp\/v2\/product_brand?post=707"},{"taxonomy":"product_cat","embeddable":true,"href":"https:\/\/lunvero.eu\/index.php\/wp-json\/wp\/v2\/product_cat?post=707"},{"taxonomy":"product_tag","embeddable":true,"href":"https:\/\/lunvero.eu\/index.php\/wp-json\/wp\/v2\/product_tag?post=707"}],"curies":[{"name":"wp","href":"https:\/\/api.w.org\/{rel}","templated":true}]}}